589
List the prime factors of 8861457.
3, 11, 268529
List the prime factors of 2331577.
2331577
What are the prime factors of 136641?
3, 37, 1231
What are the prime factors of 2711534?
2, 7, 17, 11393
What are the prime factors of 3385891?
3385891
List the prime factors of 2866139.
2866139
List the prime factors of 358418.
2, 179209
List the prime factors of 359362.
2, 47, 3823
List the prime factors of 533125.
5, 853
List the prime factors of 827429.
827429
What are the prime factors of 1608196?
2, 402049
What are the prime factors of 86417?
103, 839
What are the prime factors of 1879801?
7, 11, 24413
List the prime factors of 12218473.
37, 330229
What are the prime factors of 7882152?
2, 3, 17, 19319
What are the prime factors of 8353149?
3, 7, 311, 1279
List the prime factors of 735679.
7, 105097
What are the prime factors of 4828664?
2, 277, 2179
List the prime factors of 1671338.
2, 17, 49157
What are the prime factors of 76302?
2, 3, 157
List the prime factors of 7147304.
2, 893413
What are the prime factors of 4972438?
2, 2486219
List the prime factors of 196595.
5, 7, 41, 137
List the prime factors of 5572767.
3, 1857589
What are the prime factors of 168713?
168713
What are the prime factors of 3681709?
3681709
What are the prime factors of 4278203?
17, 359, 701
What are the prime factors of 150796?
2, 37699
List the prime factors of 121158.
2, 3, 53, 127
What are the prime factors of 9493181?
23, 41, 10067
List the prime factors of 2076055.
5, 101, 4111
List the prime factors of 3668632.
2, 11, 47, 887
List the prime factors of 179472.
2, 3, 3739
What are the prime factors of 308945?
5, 7, 13, 97
List the prime factors of 2099348.
2, 19, 23, 1201
What are the prime factors of 911355?
3, 5, 60757
List the prime factors of 423216.
2, 3, 2939
List the prime factors of 14118152.
2, 619, 2851
List the prime factors of 30834.
2, 3, 571
What are the prime factors of 76996?
2, 19249
What are the prime factors of 813522?
2, 3, 41, 3307
What are the prime factors of 2250289?
509, 4421
List the prime factors of 2977144.
2, 563, 661
List the prime factors of 1775658.
2, 3, 295943
List the prime factors of 429700.
2, 5, 4297
List the prime factors of 15667631.
7, 2238233
List the prime factors of 654350.
2, 5, 23, 569
What are the prime factors of 149133?
3, 49711
List the prime factors of 7567825.
5, 263, 1151
List the prime factors of 2133723.
3, 467, 1523
What are the prime factors of 92766?
2, 3, 15461
What are the prime factors of 572569?
101, 5669
What are the prime factors of 7368?
2, 3, 307
List the prime factors of 28871.
28871
What are the prime factors of 547870?
2, 5, 54787
What are the prime factors of 1126740?
2, 3, 5, 89, 211
What are the prime factors of 319204?
2, 79801
What are the prime factors of 979427?
37, 103, 257
What are the prime factors of 13138082?
2, 19, 345739
What are the prime factors of 671338?
2, 335669
What are the prime factors of 11318382?
2, 3, 628799
List the prime factors of 9678961.
19, 317, 1607
What are the prime factors of 1288627?
241, 5347
What are the prime factors of 1155367?
43, 97, 277
What are the prime factors of 382074?
2, 3, 7, 11, 827
List the prime factors of 41404752.
2, 3, 41, 7013
List the prime factors of 416836.
2, 7, 14887
What are the prime factors of 721842?
2, 3, 11, 10937
What are the prime factors of 6540645?
3, 5, 139, 3137
List the prime factors of 654031.
7, 233, 401
List the prime factors of 153283.
13, 907
What are the prime factors of 931884?
2, 3, 79, 983
What are the prime factors of 8484296?
2, 409, 2593
List the prime factors of 133562.
2, 11, 13, 467
What are the prime factors of 3613775?
5, 11, 17, 773
What are the prime factors of 1947551?
1947551
List the prime factors of 25678085.
5, 67, 76651
List the prime factors of 1014589.
47, 21587
What are the prime factors of 384447?
3, 7, 18307
List the prime factors of 37943.
19, 1997
List the prime factors of 464775.
3, 5, 6197
What are the prime factors of 1584485?
5, 7, 17, 2663
List the prime factors of 1034337.
3, 73, 4723
What are the prime factors of 3070005?
3, 5, 204667
List the prime factors of 123805.
5, 11, 2251
List the prime factors of 714182.
2, 7, 139, 367
What are the prime factors of 68112?
2, 3, 11, 43
List the prime factors of 1768977.
3, 7, 43, 653
What are the prime factors of 169836?
2, 3, 14153
List the prime factors of 288235.
5, 17, 3391
What are the prime factors of 695918?
2, 347959
What are the prime factors of 1097453?
7, 22397
List the prime factors of 500823.
3, 229
List the prime factors of 14024469.
3, 761, 6143
What are the prime factors of 9621426?
2, 3, 131, 12241
What are the prime factors of 2287666?
2, 59, 19387
What are the prime factors of 1962052?
2, 31, 15823
What are the prime factors of 357701?
107, 3343
What are the prime factors of 700332?
2, 3, 17, 3433
List the prime factors of 12728.
2, 37, 43
List the prime factors of 215827.
215827
List the prime factors of 1293947.
1293947
What are the prime factors of 696622?
2, 79, 4409
What are the prime factors of 77837?
277, 281
List the prime factors of 257974.
2, 128987
List the prime factors of 325055.
5, 65011
List the prime factors of 4775766.
2, 3, 23, 34607
What are the prime factors of 525620?
2, 5, 41, 641
What are the prime factors of 22403423?
7, 337, 9497
List the prime factors of 25819324.
2, 331, 19501
What are the prime factors of 300871?
43, 6997
List the prime factors of 795763.
795763
What are the prime factors of 995214?
2, 3, 11, 17, 887
What are the prime factors of 205351?
173, 1187
What are the prime factors of 1095635?
5, 19, 607
What are the prime factors of 12233801?
43, 284507
What are the prime factors of 476526?
2, 3, 43, 1847
What are the prime factors of 13679981?
7, 19, 73, 1409
List the prime factors of 16776492.
2, 3, 241, 5801
What are the prime factors of 662532?
2, 3, 13, 31, 137
List the prime factors of 3139623.
3, 199, 1753
List the prime factors of 222328.
2, 27791
What are the prime factors of 1181465?
5, 236293
List the prime factors of 346212.
2, 3, 59, 163
What are the prime factors of 5464702?
2, 29, 94219
List the prime factors of 593947.
139, 4273
What are the prime factors of 64141?
7, 11, 17
List the prime factors of 2872292.
2, 307, 2339
What are the prime factors of 6181572?
2, 3, 23, 22397
What are the prime factors of 590437?
590437
What are the prime factors of 394360?
2, 5, 9859
List the prime factors of 47601.
3, 41, 43
List the prime factors of 3082923.
3, 342547
List the prime factors of 4910582.
2, 127, 19333
List the prime factors of 14653452.
2, 3, 11, 31, 3581
What are the prime factors of 6199281?
3, 11, 20873
What are the prime factors of 65157?
3, 37, 587
What are the prime factors of 7018024?
2, 13, 67481
List the prime factors of 284048.
2, 41, 433
List the prime factors of 6912578.
2, 53, 65213
What are the prime factors of 124020?
2, 3, 5, 13, 53
What are the prime factors of 9858157?
9858157
List the prime factors of 3909154.
2, 661, 2957
List the prime factors of 17548138.
2, 37, 237137
What are the prime factors of 1589688?
2, 3, 22079
List the prime factors of 585225.
3, 5, 17
List the prime factors of 10383827.
29, 12347
List the prime factors of 566228.
2, 13, 10889
List the prime factors of 13147536.
2, 3, 23, 11909
List the prime factors of 1160347.
577, 2011
List the prime factors of 223184.
2, 13, 29, 37
What are the prime factors of 2953803?
3, 61, 16141
What are the prime factors of 4837172?
2, 19, 63647
What are the prime factors of 593927?
257, 2311
What are the prime factors of 3861648?
2, 3, 7, 1277
What are the prime factors of 954421?
13, 73417
What are the prime factors of 974133?
3, 109, 331
List the prime factors of 612715.
5, 31, 59, 67
List the prime factors of 895144.
2, 111893
List the prime factors of 3465719.
59, 58741
List the prime factors of 233735.
5, 46747
List the prime factors of 330808.
2, 41351
What are the prime factors of 46168?
2, 29, 199
What are the prime factors of 945878?
2, 472939
What are the prime factors of 2249042?
2, 97, 11593
What are the prime factors of 1189709?
1189709
List the prime factors of 103478.
2, 31, 1669
List the prime factors of 3247402.
2, 1623701
List the prime factors of 21993629.
7, 29, 10834